2, 5
Let r(m) = -m**3 + 7*m**2 + 9*m - 1. List the prime factors of r(6).
89
Suppose u = -s + 8, -s = 5*u + 6 - 30. Let r be (2 + -1)*48/2. Suppose 0*k = u*k - r. What are the prime factors of k?
2, 3
Suppose -3*s - 185 = -2*r - 2*s, 4*s = -4*r + 340. Suppose -3*k - 30 + r = 0. What are the prime factors of 208/k + 2/(-5)?
2, 5
Let n(x) = 6*x**2 - 2*x + 7. List the prime factors of n(5).
3, 7
Let t be -1*0/(2 + 0). Let w(a) = -a**3 + a**2 + a. Let m be w(t). Let l(d) = -d**2 + 7. List the prime factors of l(m).
7
Let u(j) = 6*j**2 + 3*j - 3. Let y be u(3). Suppose q + y + 21 = 4*d, -d - 6 = 5*q. List the prime factors of d.
19
Let l = -21 + 103. Suppose l + 8 = 5*p. List the prime factors of (-16)/3*p/(-8).
2, 3
Let t = -5 - -9. Let s be (t/(-6))/(1/(-18)). What are the prime factors of 1/(s/9 + -1)?
3
Suppose 0 = -8*m + 275 + 765. List the prime factors of m.
2, 5, 13
Let s(x) = x**3 + 9*x**2 - 10*x - 19. List the prime factors of s(-9).
71
Let t(z) = 5 + 2 - 5 + 4*z**2 + z. Let l be t(2). Suppose 0*h + l = h. List the prime factors of h.
2, 5
Suppose -8 = -2*f + f. Let q(s) = 7*s**2 - 1. Let w be q(-1). Suppose -2*g - f = -4*i, w*i + 2*g - 20 = 3*i. What are the prime factors of i?
2
Suppose 354 = 4*a - 2*y, a + 4*y - 96 + 21 = 0. List the prime factors of a.
3, 29
Let p(k) = k**3 - k**2 - 2*k + 5. List the prime factors of p(4).
3, 5
Let c(a) = -4 - a + 3*a + a - 6*a. Let j(r) = r**3 - 3*r**2 - 3. Let v be j(3). List the prime factors of c(v).
5
Let v = -44 - -62. List the prime factors of v.
2, 3
Let v be (-15)/12*(-24)/(-1). Let j = v - -54. What are the prime factors of j?
2, 3
Suppose -3*k = -3*y + 36, k + 39 = -3*k + y. Let r = 48 + k. List the prime factors of r.
3, 13
Suppose 0 = 3*a - 5*p + 2, -5*a - p - 4 + 10 = 0. Let x(m) = 3*m. Let q be x(a). Suppose -q*u + 12 + 18 = 0. What are the prime factors of u?
2, 5
Suppose 100 = -3*g - g. Let c be ((-15)/g)/(1/5). List the prime factors of (-3)/((-9)/c) - -1.
2
Let a(r) = -r**2 + 2 + 6 + 7*r + 6 - 4. What are the prime factors of a(7)?
2, 5
Let b be (-12)/15*-5*1. Suppose -j + 4 = b*f, 0 = -j + 4*f + f + 4. Suppose 2*d - j*g = -g + 4, -3*d = 2*g - 32. List the prime factors of d.
2
Suppose 0 = -2*z + 3*z - 6. Suppose -2*c + 2 = z. What are the prime factors of -7*((-8)/(-7) + c)?
2, 3
Suppose -2*m - 2*m + 8 = 0. Suppose -m*r - 3*r + 25 = 0. What are the prime factors of r?
5
Let w = 74 - 11. List the prime factors of w.
3, 7
Let o = -1 + 5. Suppose u = -o*u + 20. List the prime factors of u.
2
Suppose -2*s + 36 = s. Suppose -s = -o - 2. What are the prime factors of o?
2, 5
Let w = -11 + 15. Suppose -w*y = -72 - 36. What are the prime factors of y?
3
Let x = -7 + 11. Suppose -v = 2*w - 29, 0*v - 3*v + 97 = -x*w. List the prime factors of v.
31
Suppose 0 = -3*c + 3*p + 57, 0*p + 85 = 3*c + 4*p. List the prime factors of c.
23
Suppose -2*c - 12 = 4*o, -12 = 5*c - o + 2*o. Let x(b) = b**3 + 2*b**2 + b. Let q be x(c). What are the prime factors of q/9 - (-184)/18?
2, 5
Suppose 3*f - 33 = 144. Suppose -o = y - 10 + 3, -3*y - f = -5*o. List the prime factors of o.
2, 5
Let f = 6 - 1. Suppose 40 + f = 3*r. Let c = r - 4. What are the prime factors of c?
11
Let l = -115 - -56. Let c = l - -103. List the prime factors of c.
2, 11
Let q = -12 + 15. Suppose a = q*a + 4*j - 30, 4*j + 8 = 0. List the prime factors of a.
19
Let z(h) = 12*h + 20. List the prime factors of z(11).
2, 19
Let i(c) = 3*c + 4. Let f be i(-2). What are the prime factors of -2 + f/2 - -24?
3, 7
Let x = 40 + 2. What are the prime factors of x?
2, 3, 7
Let s(g) = -68*g + 17. List the prime factors of s(-4).
17
Suppose -5*k = 4*t + 7, 9 = -0*t - 4*t - 3*k. List the prime factors of (-34)/(-5) + t/(-15).
7
Suppose 0 = 4*j + 12, 0 = 5*p - 5*j - 112 + 7. Suppose -4*u - 3*h = 13, 2*u + h - 4 = 3*h. Let t = p + u. List the prime factors of t.
17
Suppose -53 = 4*k + 5*n, -n = 4*k + k + 40. Let v be 4/((-1 - k)/3). List the prime factors of (-38)/(-4) - 1/v.
3
Suppose -38 = -5*g + 4*x, -14 = -3*g - 4*x + 2*x. Let o = 23 - g. Let p = 29 - o. List the prime factors of p.
2, 3
Suppose 0 = 2*w - g + 276 - 777, 0 = -3*w - 3*g + 756. What are the prime factors of w?
251
Let d be (-24)/(-9) - (-4)/(-6). Suppose 0*s = s - 3*a - 3, 2*s - 3*a = 15. Let r = s - d. List the prime factors of r.
2, 5
Let h = 179 - 109. List the prime factors of h.
2, 5, 7
Suppose 5*v = 3*c - 0*c, -2*v = 0. Suppose h - 5 = c, -5*h + 12 = 5*y - 48. Suppose -2*o + 4*w - 2 = 0, -5*w = -y*o + 3*o + 5. What are the prime factors of o?
5
Let s be (-4)/4 + (0 - 2). Let q(n) = -n**3 - 2*n**2 + 4*n - 1. Let w be q(s). What are the prime factors of w*((-9)/6 + 1)?
2
Suppose 0 = -3*a + 24 + 3. What are the prime factors of a?
3
Let l be ((-3)/3)/(-1) - -2. Suppose -2*w = 4*q - 2, l*w - 21 = 2*q + q. List the prime factors of w.
5
Let f(s) = s + 5. Let t(j) = 2*j + 11. Let i(q) = -7*f(q) + 3*t(q). Let p be i(-4). Suppose -c = p*c - 27. List the prime factors of c.
3
Let i be 10/40 + 82/(-8). Let t(v) = -v**2 - 8*v + 12. Let b be t(i). What are the prime factors of (0 - -30)*b/(-12)?
2, 5
Let i be (7 - 14)*1/(-1). Let s = i + -5. List the prime factors of 2 + 0 + 16/s.
2, 5
Suppose 0 = -5*o - 5*q + 75, 0*o + 4*q - 3 = -o. What are the prime factors of o?
19
Let g(u) be the second derivative of u**3/6 + u**2/2 + 2*u. Let d be g(4). Let z(c) = c**3 - 5*c**2 + 2*c - 3. List the prime factors of z(d).
7
Suppose 0 = -4*j + 500 + 424. What are the prime factors of j?
3, 7, 11
Suppose 0 = 2*v + 6, -2*j + j + 14 = -3*v. Let t = j + -2. What are the prime factors of t?
3
Let z be 3 - 2 - (6 + 0). What are the prime factors of (-2)/z + (-106)/(-10)?
11
Let x = -59 - -189. Suppose 5*q + 30 = x. List the prime factors of q.
2, 5
Let u = -4 + 3. List the prime factors of (u/(-2))/(2/8).
2
Let u be ((-8)/(-6))/(8/108). Let p = u - 7. What are the prime factors of p?
11
Let u = 78 - 51. Suppose -2*c + 26 = 5*m, 4*c - 35 = -5*m + u. What are the prime factors of c?
2, 3
List the prime factors of -1 + -1 + -7 + 63.
2, 3
Let x be -2 - (-1 - 2/(-2)). Let u = x - -11. Let y(p) = 3*p - 11. What are the prime factors of y(u)?
2
Let g = 1 - 0. Suppose -5*l - g + 8 = -y, 0 = 5*y - 4*l - 49. List the prime factors of y.
13
Let n(v) be the first derivative of 1 - 1/2*v**2 + 2*v. What are the prime factors of n(-4)?
2, 3
Let y(t) = 2*t + 13. What are the prime factors of y(0)?
13
Let q(m) = -3*m**2 - 6*m + 5. Let d(t) = -2*t**2 - 7*t + 6. Let g(i) = 4*d(i) - 5*q(i). What are the prime factors of g(1)?
2
Let o = 7 + 12. What are the prime factors of o?
19
Let s be 8*(-2 + -2)*1. Let p = s - -59. What are the prime factors of p?
3
Let g(b) = 9*b - 4. Let j(h) = 9*h - 5. Let q(k) = -5*g(k) + 4*j(k). Let o be q(1). Let w = o + 19. List the prime factors of w.
2, 5
Suppose -4 = -f - 2. Suppose -f*d - 8 = -3*d. What are the prime factors of d?
2
Suppose -m - s = -57, 5*s + 17 + 34 = m. List the prime factors of m.
2, 7
Suppose 140 = 2*w - 112. List the prime factors of w.
2, 3, 7
Suppose -4*c + 0*c + 57 = r, -249 = -5*r - 2*c. List the prime factors of r.
7
Let g(i) = i**3 - 5*i**2 + 6*i - 6. Let j be g(5). Suppose -12*u + 16*u = j. What are the prime factors of u?
2, 3
Suppose -2*p = -2 - 34. List the prime factors of p.
2, 3
Let v = 4 - 7. What are the prime factors of 6 - (-1)/v*0?
2, 3
Let x be 0*2/(-6) + 3. Suppose -x*b = -3*s - 3, -5*b + 5 = -2*s - 6. Suppose -s*j + 33 = -1. List the prime factors of j.
17
Let g = 14 + 2. Let o = g - 8. Let j = -5 + o. What are the prime factors of j?
3
Suppose 8 = 5*m - m. Let h(u) = -1 + m + u + 0. List the prime factors of h(6).
7
Let x(a) = -16*a - 1. Let j(i) = i + 4. Let d be j(-5). Let w be d/1*(-3 + 4). List the prime factors of x(w).
3, 5
What are the prime factors of (7/2 - 2) + (-518)/(-4)?
131
Suppose 0 = 5*c + 4*f - 37, 7*f - 15 = 2*f. Suppose 0 = -c*d + 10 + 15. Suppose d*j - 5 = 10. List the prime factors of j.
3
Let u(y) = y**2 - 3*y - 6. What are the prime factors of u(7)?
2, 11
Let g(l) = -l**2 - 6*l + 3. Let q be g(-6). Suppose 4*t + q*r = 40, -73 = -4*t + 3*r - 9. What are the prime factors of t?
13
Let p(i) = 4*i - 17. List the prime factors of p(7).
11
Let d be 3*1/(-2)*-2. Suppose -4*o - 2*p = -26, d*o - o + 2*p - 14 = 0. Suppose -4 = k - 3*r - 